042623665?
5
What is the ten millions digit of 38945263?
3
What is the millions digit of 245790085?
5
What is the hundred thousands digit of 95289334?
2
What is the units digit of 88534911?
1
What is the billions digit of 5359278751?
5
What is the units digit of 116774516?
6
What is the millions digit of 1387426156?
7
What is the ten thousands digit of 46235514?
3
What is the millions digit of 1260302686?
0
What is the ten thousands digit of 1786475666?
7
What is the hundreds digit of 151894726?
7
What is the ten millions digit of 45834608?
4
What is the billions digit of 2327400758?
2
What is the millions digit of 1835580979?
5
What is the ten millions digit of 69169633?
6
What is the hundred thousands digit of 122613664?
6
What is the thousands digit of 138950035?
0
What is the ten millions digit of 805791908?
0
What is the units digit of 1361313274?
4
What is the millions digit of 113116841?
3
What is the millions digit of 8039528015?
9
What is the hundreds digit of 654973851?
8
What is the units digit of 1018626182?
2
What is the thousands digit of 40532691?
2
What is the thousands digit of 104026060?
6
What is the millions digit of 529182874?
9
What is the thousands digit of 56339931?
9
What is the millions digit of 540976714?
0
What is the tens digit of 20801609?
0
What is the tens digit of 265073970?
7
What is the hundreds digit of 640741049?
0
What is the hundreds digit of 7685309?
3
What is the hundred millions digit of 6617482475?
6
What is the tens digit of 195990157?
5
What is the ten millions digit of 638878101?
3
What is the ten millions digit of 1740468489?
4
What is the hundred millions digit of 241094404?
2
What is the millions digit of 545049800?
5
What is the units digit of 1600526736?
6
What is the tens digit of 6831475?
7
What is the millions digit of 61846522?
1
What is the thousands digit of 573090540?
0
What is the hundred thousands digit of 32780404?
7
What is the tens digit of 130351688?
8
What is the hundred thousands digit of 3347360593?
3
What is the thousands digit of 169535543?
5
What is the thousands digit of 2576062155?
2
What is the tens digit of 1455143796?
9
What is the tens digit of 297460173?
7
What is the hundred millions digit of 640962838?
6
What is the millions digit of 194667740?
4
What is the thousands digit of 77203426?
3
What is the hundred millions digit of 138617108?
1
What is the ten millions digit of 58325264?
5
What is the millions digit of 181155784?
1
What is the tens digit of 1813042168?
6
What is the tens digit of 238903860?
6
What is the units digit of 1206433048?
8
What is the units digit of 69913755?
5
What is the thousands digit of 32102141?
2
What is the hundred thousands digit of 1533892?
5
What is the ten thousands digit of 103889857?
8
What is the hundred thousands digit of 314604589?
6
What is the hundred millions digit of 405905277?
4
What is the hundreds digit of 106534768?
7
What is the hundred millions digit of 8261391306?
2
What is the hundreds digit of 883980162?
1
What is the hundred millions digit of 326934452?
3
What is the billions digit of 1970806406?
1
What is the tens digit of 26492435?
3
What is the units digit of 149524310?
0
What is the billions digit of 1134567972?
1
What is the ten thousands digit of 6999379155?
7
What is the ten millions digit of 92513629?
9
What is the units digit of 236701034?
4
What is the thousands digit of 3997569865?
9
What is the billions digit of 2091857649?
2
What is the hundred millions digit of 224263345?
2
What is the ten thousands digit of 208007867?
0
What is the ten millions digit of 83210682?
8
What is the hundred millions digit of 396459096?
3
What is the billions digit of 1623858394?
1
What is the hundred thousands digit of 905818769?
8
What is the hundred thousands digit of 75535373?
5
What is the thousands digit of 27440030?
0
What is the thousands digit of 16151235?
1
What is the tens digit of 128253214?
1
What is the hundred thousands digit of 32991914?
9
What is the ten thousands digit of 4300479676?
7
What is the thousands digit of 6987357?
7
What is the ten thousands digit of 19216001?
1
What is the units digit of 92325173?
3
What is the ten millions digit of 56034887?
5
What is the millions digit of 501984783?
1
What is the hundred thousands digit of 111082507?
0
What is the thousands digit of 713617168?
7
What is the ten thousands digit of 1790195?
9
What is the billions digit of 2223281883?
2
What is the tens digit of 25378621?
2
What is the units digit of 424032246?
6
What is the hundred millions digit of 512953642?
5
What is the ten millions digit of 2159346778?
5
What is the thousands digit of 2006147025?
7
What is the thousands digit of 330300104?
0
What is the units digit of 26112027?
7
What is the ten millions digit of 80248220?
8
What is the hundred thousands digit of 548703357?
7
What is the millions digit of 344024594?
4
What is the units digit of 1861022891?
1
What is the ten millions digit of 2873133656?
7
What is the hundred millions digit of 236534233?
2
What is the millions digit of 1148845128?
8
What is the millions digit of 311436174?
1
What is the units digit of 98321473?
3
What is the ten millions digit of 229551061?
2
What is the ten thousands digit of 246965626?
6
What is the ten millions digit of 2740908077?
4
What is the tens digit of 2797321252?
5
What is the ten millions digit of 80894994?
8
What is the ten millions digit of 604309803?
0
What is the ten millions digit of 1337362094?
3
What is the hundred thousands digit of 2538067?
5
What is the hundreds digit of 19016969?
9
What is the ten millions digit of 1349559736?
4
What is the tens digit of 6472125392?
9
What is the tens digit of 1450718226?
2
What is the hundreds digit of 422475073?
0
What is the millions digit of 377230265?
7
What is the hundred thousands digit of 102690775?
6
What is the hundreds digit of 97213553?
5
What is the hundreds digit of 272146459?
4
What is the hundreds digit of 27219625?
6
What is the hundred thousands digit of 3858140771?
1
What is the ten thousands digit of 18705428?
0
What is the thousands digit of 3405190882?
0
What is the tens digit of 162077684?
8
What is the thousands digit of 1251857449?
7
What is the thousands digit of 252674671?
4
What is the billions digit of 3959377697?
3
What is the ten thousands digit of 53557049?
5
What is the ten thousands digit of 584050368?
5
What is the thousands digit of 3544010619?
0
What is the ten millions digit of 56258959?
5
What is the ten thousands digit of 542668940?
6
What is the billions digit of 3418853980?
3
What is the hundred thousands digit of 39733379?
7
What is the ten millions digit of 68546546?
6
What is the thousands digit of 55762360?
2
What is the units digit of 57736321?
1
What is the millions digit of 3525603049?
5
What is the ten millions digit of 5084311034?
8
What is the units digit of 898646614?
4
What is the ten thousands digit of 678160166?
6
What is the hundred thousands digit of 333314791?
3
What is the millions digit of 16046335?
6
What is the thousands digit of 4441677?
1
What is the units digit of 1587405194?
4
What is the thousands digit of 542049127?
9
What is the tens digit of 20349441?
4
What is the ten millions digit of 185737354?
8
What is the hundred millions digit of 477849390?
4
What is the units digit of 171325429?
9
What is the units digit of 100553128?
8
What is the thousands digit of 850498542?
8
What is the hundred millions digit of 233629235?
2
What is the tens digit of 1816055191?
9
What is the millions digit of 299385781?
9
What is the units digit of 90823216?
6
What is the hundred thousands digit of 814264214?
2
What is the tens digit of 50318869?
6
What is the hundred millions digit of 466747314?
4
What is the hundred thousands digit of 49829041?
8
What is the hundreds digit of 156929207?
2
What is the ten thousands digit of 26464996?
6
What is the hundreds digit of 66124274?
2
What is the hundred thousands digit of 121400944?
4
What is the tens digit of 43652275?
7
What is the units digit of 11493286?
6
What is the hundreds digit of 65355825?
8
What is the hundred thousands digit of 95214594?
2
What is the millions digit of 622071320?
2
What is the tens digit of 1698320336?
3
What is the tens digit of 38498994?
